 base 16, what is -6c16c + -3?
-6c16f
In base 16, what is 12c9 - 2891?
-15c8
In base 11, what is 6 - 8424377?
-8424371
In base 6, what is 0 - 340500254?
-340500254
In base 14, what is -25693b98 - -1?
-25693b97
In base 13, what is -15b + 15a231?
15a0a3
In base 5, what is 1342 + -22411422?
-22410030
In base 13, what is 16ba + -67997?
-662aa
In base 11, what is 524 - -27a5?
3219
In base 2, what is -100111111000100110110 + 1001110?
-100111111000011101000
In base 5, what is -10 + 341313231?
341313221
In base 2, what is 110011 - 10000011100001101110110?
-10000011100001101000011
In base 16, what is -41 - -9cb43?
9cb02
In base 8, what is 62250 - -26?
62276
In base 8, what is 53 + -31342574?
-31342521
In base 5, what is 23130 - -342221?
420401
In base 15, what is -40401 - -1910?
-3d9e1
In base 2, what is -101111111100 - -110011110?
-101001011110
In base 4, what is -2220 - 3213203?
-3222023
In base 16, what is 287de5 + -28?
287dbd
In base 5, what is 2411 - -4243340?
4301301
In base 14, what is 9 + -26414c?
-264143
In base 8, what is 1 - -3524232?
3524233
In base 16, what is -5 - -768fe4c?
768fe47
In base 6, what is -40340 + -4142330?
-4223110
In base 6, what is -4244320425 + 5?
-4244320420
In base 11, what is -5312aa50 + 5?
-5312aa46
In base 13, what is 132170786 + -1?
132170785
In base 16, what is 3 - -253448?
25344b
In base 8, what is -52773 + 23?
-52750
In base 2, what is -101000100111100010010 + -10000?
-101000100111100100010
In base 7, what is -13356 - -351136?
334450
In base 12, what is -159 + -199297?
-199434
In base 9, what is -235040018 + -8?
-235040027
In base 8, what is -354125 - -77?
-354026
In base 15, what is 3 - -3496cc?
3496d0
In base 14, what is -2 + c4dd09?
c4dd07
In base 9, what is 6 - -18787611?
18787617
In base 7, what is 2003165256 - 1?
2003165255
In base 10, what is -14965 + 1510?
-13455
In base 4, what is 20312013220 + 10?
20312013230
In base 7, what is 4420310 - -44?
4420354
In base 3, what is -2012120012 + -201000220?
-2220121002
In base 6, what is -1020005 + 324303?
-251302
In base 5, what is 12113 + -24113132?
-24101014
In base 8, what is 401136 + -50?
401066
In base 8, what is -52 - 3530071?
-3530143
In base 12, what is 110140 - -18?
110158
In base 3, what is 20220011210 + -221002?
20212020201
In base 6, what is 425231333 + 5?
425231342
In base 13, what is 1897 + -6c?
1828
In base 4, what is -10 + 321120112001?
321120111331
In base 2, what is 10011110110001 + 1101010100011?
100001001010100
In base 3, what is 10002210112101 - -11?
10002210112112
In base 8, what is -5 + 1411777?
1411772
In base 11, what is -1044 - -13242?
121a9
In base 3, what is -1122 - -21022010210221?
21022010202022
In base 14, what is 157c2 - -5c9?
15dab
In base 6, what is -2105055401 - -2?
-2105055355
In base 12, what is -35225 + -113a?
-36363
In base 11, what is -14 + -69255?
-69269
In base 11, what is 6581a34 + 3?
6581a37
In base 12, what is 108 - -76722?
7682a
In base 7, what is -313 + 220026?
216413
In base 10, what is -85081 + 172?
-84909
In base 9, what is 220837 - -14?
220852
In base 6, what is -250030500 + 31?
-250030425
In base 8, what is 31747233 + -1?
31747232
In base 8, what is -246766 + -331?
-247317
In base 11, what is -4 - 13291903?
-13291907
In base 2, what is 10101011 - 110111101100110110?
-110111101010001011
In base 14, what is -1 + 72b170?
72b16d
In base 8, what is 3322 - 525127?
-521605
In base 10, what is -5144 - 4028?
-9172
In base 16, what is -f1970d - 5?
-f19712
In base 6, what is 4242251015 + 105?
4242251124
In base 6, what is -11 - 3303311?
-3303322
In base 16, what is 7a36bf + -44?
7a367b
In base 5, what is 41302 - 1123431?
-1032124
In base 16, what is c0104 + -28?
c00dc
In base 9, what is 310443 + 208?
310652
In base 10, what is -17977020 - 3?
-17977023
In base 8, what is 5551 - -322206?
327757
In base 2, what is 1001110011000010110 - 10000001001?
1001110001000001101
In base 6, what is -4 + -1511020?
-1511024
In base 10, what is -720 + -38009?
-38729
In base 9, what is 16 + 5878053?
5878070
In base 3, what is -122 - -2111100210211202?
2111100210211010
In base 7, what is -1204 - -26230?
25023
In base 15, what is 5 + 4ae36a?
4ae370
In base 4, what is -1002111000222 + 3?
-1002111000213
In base 11, what is -2248340 - 22?
-2248362
In base 4, what is 1303132 + -30032?
1213100
In base 7, what is 1416 + 6003164?
6004613
In base 2, what is 1011100100110101 - 1001011?
1011100011101010
In base 13, what is -249c + -452c?
-69cb
In base 6, what is 2421 + 1144135?
1151000
In base 6, what is 5414342153 + 1?
5414342154
In base 10, what is 251538 - 47?
251491
In base 13, what is 373b5 + 74?
37459
In base 6, what is -1 - -3104450133?
3104450132
In base 13, what is 2a7855 - -1a8?
2a7a30
In base 6, what is 1053 - 225215332?
-225214235
In base 4, what is -32203001033 + -231?
-32203001330
In base 5, what is 1010342134311 + 4?
1010342134320
In base 4, what is -1 - 101023230331?
-101023230332
In base 3, what is -12212101 + 122011?
-12020020
In base 9, what is 151 + -51857?
-51706
In base 5, what is -14333042 + 2?
-14333040
In base 6, what is -34210205212 - 5?
-34210205221
In base 14, what is bb - -dddca3?
dddd80
In base 3, what is 20201110 - 101011210?
-10110100
In base 15, what is -23c7 - -462?
-1e65
In base 14, what is 302347 - ad?
302278
In base 9, what is 4630 + -75775?
-71145
In base 4, what is -302 + -302102131?
-302103033
In base 6, what is 2 - 4312331?
-4312325
In base 5, what is 4 + 213322411233?
213322411242
In base 3, what is 1222 - 10022011000012?
-10022010221020
In base 4, what is -3 + -12230310203?
-12230310212
In base 8, what is 35616 + -1317?
34277
In base 7, what is 16 - 14320513?
-14320464
In base 5, what is -43024 - 22401?
-120430
In base 6, what is -100 - -1310325044?
1310324544
In base 15, what is bdab7ce - -2?
bdab7d1
In base 7, what is 11055361454 + 5?
11055361462
In base 14, what is -280495 + 10?
-280485
In base 9, what is -17538227 + -6?
-17538234
In base 2, what is -10010111001010 - 11001011101000?
-101100010110010
In base 13, what is 131275a + 2?
131275c
In base 6, what is -530442 + -54150?
-1025032
In base 16, what is -afd3a8a + 2?
-afd3a88
In base 10, what is 4 - -98489399?
98489403
In base 14, what is 370b4 - 98?
3701a
In base 13, what is 2 + -31490c13?
-31490c11
In base 9, what is -4 - -8000713?
8000708
In base 13, what is 127019b + 19?
12701b7
In base 16, what is 5 + -275751?
-27574c
In base 15, what is -13443e0 + 18?
-13443c7
In base 7, what is -63 - -310312522?
310312426
In base 12, what is 7616 + 8bb2?
14608
In base 7, what is -110620 + 10541?
-100046
In base 10, what is -5666116 - 112?
-5666228
In base 3, what is 11 - 122022222020002001?
-122022222020001220
In base 6, what is -4455 - -413032?
404133
In base 9, what is 4462212 - -32?
4462244
In base 4, what is -212133122 - -3202?
-212123320
In base 16, what is -372 + 15b504?
15b192
In base 4, what is 331322 + 201321?
1133303
In base 3, what is -101221 + 12020102120?
12020000122
In base 2, what is 1101110001000110001 - 1010?
1101110001000100111
In base 3, what is -20022001210 + 21001?
-20021210202
In base 7, what is 51363 - 106?
51254
In base 3, what is -112121021211221 + -1?
-112121021211222
In base 3, what is 20001001222 - 1000?
20001000222
In base 10, what is 3385 - 55930?
-52545
In base 10, what is -1 - 3072058?
-3072059
In base 8, what is -5 - 20604463?
-20604470
In base 9, what is 6 - -1406766?
1406773
In base 5, what is 310140242 + 21?
310140313
In base 3, what is 202212 - 22211120?
-22001201
In base 2, what is 100011011101 + -1001111111000?
-101100011011
In base 13, what is 989a - 215?
9685
In base 7, what is -142 - -1145653?
1145511
In base 9, what is -86182 + 1268?
-84813
In base 9, what is 2122067 + -20?
2122047
In base 16, what is 1501 + -11ff?
302
In base 13, what is 51347a + 16?
513493
In base 14, what is -92 + 49db90?
49dadc
In base 8, what is -322166 - 14?
-322202
In base 7, what is -524032 + -243?
-524305
In base 15, what is c934 + 4?
c938
In base 2, what is 11 - 101100001001011111111?
-101100001001011111100
In base 5, what is 130031402030 - 10?
130031402020
In base 11, what is 1 - -3664aa56?
3664aa57
In base 6, what is -3 - 2233530043?
-2233530050
In base 5, what is 0 + 4120122142?
4120122142
In base 15, what is -3b - -60d7d?
60d42
In base 15, wh